+ 20)) + 7 + -14.
58
Calculate 222 - 261 - (2 - 17) - 4.
-28
Evaluate 13 + (-6 - -1 - 0) + -15 + -41 + 14.
-34
Calculate 3 + (1 - -28) + (-130 - -137).
39
What is (3 + -12 - 1) + -7 + 19 + -13 + 21?
10
Calculate (18 - 3 - -15) + 21 - -8.
59
What is the value of 1 + 5 + (87 - 99) + -8?
-14
What is the value of 3 + 51 + -2 + 498 + -515?
35
Evaluate -76 + (49 - -85) + (-13 - (-2 - -1)).
46
Evaluate (-92 - (-86 - -39)) + (-14 - (-5 - -9)).
-63
What is the value of (56 - 105) + 56 - ((0 - -43) + (19 - 19))?
-36
What is the value of -13 + (6 + (6 - (13 + -12)) - -54)?
52
Evaluate 23 + -47 + -32 + 57.
1
What is (24 - (3 + -75 + 70 + 8 + 0)) + 6?
24
Calculate -15 + 24 + (-19 - -43) + 3 + 1 + -11.
26
Calculate (10 - 13 - -56 - -4) + 8 + 1.
66
What is the value of -51 + 6 + 65 + 59?
79
What is the value of (-52 + -8 - (12 - (-5 - -7) - 0)) + 2?
-68
4 + (-4 + 17 - 27) - (-55 - (-1 + 6))
50
What is the value of 43 + (21 - 12 - 22) + 12?
42
Evaluate (5 - 12) + 7 + 24 - (-6 + 0 - 1).
31
Calculate -7 + 3 + (190 - (73 - -216)).
-103
Calculate -27 + -24 + 2 + 28 + 7.
-14
Calculate 7 - (1 + 14 - (-10 - -18)).
0
Calculate 0 + (-60 - -38 - (-26 - (6 + -3))).
7
24 + (13 - 4 - 36) - -27
24
Evaluate 2 - ((7 - 1) + 10 + -11 + -11) - -5.
13
Evaluate -5 + (59 - 70) + (50 - -8).
42
What is -14 + (0 - (-7 - 6)) + -5 + -4?
-10
(-21 - -14) + (-7 - -72) + (-9 - -25)
74
Evaluate (-22 - -1) + 33 + -39 + -25 + 22.
-30
What is the value of -4 + (0 - (-2 + 49)) - (63 + (51 - 104))?
-61
What is the value of -4 + -3 + (2870 - 2870 - (61 + -1 - -1))?
-68
What is 20 + (-94 - -49) + -6?
-31
Evaluate (-10 - (-16 - -26)) + -15 + (-15 - (4 - 7)).
-47
What is -85 - ((-85 - -78) + -155)?
77
What is -83 + 9 - -47 - -41?
14
What is the value of (-9 - (6 + -11)) + (28 - (25 - -13))?
-14
What is 13 + -5 + (-46 - 22) - (-13 + 3)?
-50
-40 + -14 + 39 + 3 - -5
-7
What is -9 - -6 - (-2 - (-13 + 17 + -17))?
-14
Evaluate 16 + (0 + -12 - (47 + -70 + 79)).
-52
Calculate -33 + 85 + 27 - -33 - 35.
77
Calculate -2569 - -2584 - (-2 - (18 + -3)).
32
What is (98 - 103) + (8 - 1 - -24)?
26
Evaluate 6 - (36 - (-49 - -49)).
-30
-10 - (0 - 24 - ((5 - -4) + -23 + 4))
4
What is -2 - -83 - (335 + -287)?
33
What is -16 + -5 + 22 + 4 + -96 + 15?
-76
53 + (-11 + -1 + 3 - (62 - (-37 - -103)))
48
What is the value of 23 + -11 - (-31 - -18 - (-2 - 1))?
22
Calculate 1 - (-5 + -8 - -20) - -11.
5
What is the value of 95 + -97 + 156 + -113?
41
What is (39 - (59 + -33 + -15)) + -66?
-38
Evaluate 1 - (-2 - (34 - 23)).
14
188 - (-118 + -4 - -282)
28
Calculate (-2 - 96) + 42 + 3 + 19.
-34
-67 + 119 + -30 + (2 - 22)
2
Calculate (-7 - 5 - -14 - 0) + (14 + -8 - 10).
-2
What is 128 - (64 - -5 - (162 - 127))?
94
Calculate -1170 + 1127 - (-110 + -4 + 5).
66
What is the value of -13 - (13 + 7 - (-24 - -35))?
-22
Evaluate (-29 - -1) + 27 + 0 + (5 + 1 - -28).
33
Calculate 9 + 5 + 0 + (-12 + 69 - 57) + 55.
69
Calculate (-41 - -25 - 11) + 31 + (111 - 7).
108
What is (94 - 79) + -20 + 0 + 18 - -8?
21
What is -2259 - -2245 - (17 + 1)?
-32
Calculate (8 + -83 - -5) + -3 - (0 - 7 - 2).
-64
What is the value of -33 - (8 - 1 - (38 - 24))?
-26
Calculate 33 + (-44 - (19 + -82)) + -13 + 1.
40
Calculate 2 + -40 - (1 + 3 - (-3 + 1 + -1)).
-45
What is the value of (1 - 2) + -10 + (90 - 74) - 15?
-10
What is -40 - ((-3 - 3) + 2 - -1) - (-7019 + 7019)?
-37
93 + -7 + -40 + 58 + -27
77
Calculate (-4 - -17 - (15 - (26 - 15))) + -46.
-37
Evaluate (3 - -1 - (-8 + 14)) + -23.
-25
-136 + (66 - -32) + -58
-96
Evaluate -5 + -185 - (643 + -782).
-51
Evaluate -7 - -70 - -4 - 34 - 1.
32
What is the value of 4 + -25 - (1 + 1 - 14 - -7)?
-16
98 + (-185 - (-92 + -25))
30
2 + -13 + 18 + -4 + 2 - 45
-40
Calculate -21 + (-15 + 106 - -13) + -18 + -10.
55
What is -61 + (1 - 6 - (-305 + 316))?
-77
Calculate (24 - 7) + 34 + -36 + 4 + 45.
64
Evaluate 4 + 11 - (101 + (-58 - 18)).
-10
What is the value of (30 - 177 - -69) + 20?
-58
What is the value of -11 + (-2 - (4 + 1)) + -5 + 68?
45
What is -28 - (-18 - (-8 + 6)) - (-11 + 9)?
-10
Calculate -13 - (51 - (4 + -1 + -6 + 14)).
-53
(3 - -1) + -3 + (-29 - (36 - (11 + 93)))
40
Calculate -23 - 3 - (37 - 47) - -13 - 11.
-14
What is the value of (-35 - (0 + 2 - 6)) + (-10 - -3)?
-38
(25 - 2 - (-39 + 39)) + (-2 - (10 + -4))
15
Evaluate (-2 - (73 + -121)) + -21.
25
Calculate (-74 + 41 - -73) + -19.
21
9 - (-22 + (-19 + 22 - -1))
27
Calculate 33 + -19 + 11 + -4 + 9.
30
-101 - (23 - (159 + -119))
-84
Calculate 1 + (-1 - 0) + 14 + 4 + (-144 - -176).
50
What is -2 - ((3 - 16) + 249 + -228 - (-1 + 1))?
-10
What is (0 + -1 - 9) + 3 - (-12 - -8 - -51)?
-54
What is the value of 23 + -5 + 15 + -46 + 15?
2
What is the value of -37 - -25 - ((6 + -4 - -33) + -16 + 17)?
-48
Evaluate 14 + (-3 + (-4 - 103) - (-12 + 8)).
-92
What is -39 + (26 - 48 - -44)?
-17
Calculate 1 + 40 + 12 + 44 + -37 + (-25 - 0).
35
Calculate -26 + (-37 - ((-42 - -5) + 37)).
-63
Evaluate -20 + -32 + 28 + 74 + (9 - 4).
55
What is -42 + 40 + -15 + -4?
-21
What is the value of (-11 - -5 - -9 - 6) + (-28 - 2 - -6)?
-27
What is 28 + 2 + -18 + 128 + -106?
34
What is the value of 18 + (-6 - ((9 - -8) + -14)) + -8?
1
Evaluate (5 - (4 + (-6 - -16)) - 24) + -4 - 1.
-38
What is the value of -1 + (1 - 1) + 44 + -1 + -2443 + 2425?
24
What is -1 + -14 - (0 - (-90 - -136))?
31
What is the value of (1 + 37 - 12) + -11 + 73 + (-13 - -5)?
80
Evaluate 68 - 90 - (-8 + 0) - (68 + (-8 - 1)).
-73
What is (1 - 1) + 8 + (-51 - -78)?
35
What is the value of 11 - (1 - 13) - (-10 - -5)?
28
-53 + 126 + (94 - 211)
-44
0 + -40 - (-7 - 61)
28
Calculate (16 - 20 - 8) + 0 + 53.
41
Calculate -27 - ((50 - 81) + 34).
-30
Calculate -2 + 9 + -40 - (719 + -754).
2
Evaluate 52 - (-17 + (0 - (-30 + 43))).
82
Evaluate (85 - 0) + (10 - 36) + (-46 - -32 - -41).
86
What is (0 - 43) + (26 - 11 - -17) + -29?
-40
What is the value of -56 + 3 + -159 + 163?
-49
What is -20 + 4 + 1 + -62 + 19 + (1 - 0)?
-57
Calculate (-19 - -17) + -10 + (-9 - -21).
0
What is the value of 0 - (-39 + (47 - 50))?
42
What is -87 + 179 - (88 - -31)?
-27
What is the value of (19 - 0) + -2109 + 2125?
35
What is 0 + (-7 - 1 - (112 + -93 + -38))?
11
Evaluate 1 - (-125 + (6 - 26)) - 34.
112
Calculate -15 + 1 - ((-375 - -210 - -135) + 13 + 1).
2
What is the value of -15 + 26 + -4 + 5 + (-4 + -22 - -5)?
-9
Evaluate (-9 - -48) + -40 + 30.
29
-99 - 3 - ((30 - (1 - -1)) + -12)
-118
What is the value of (-1 - -115) + -38 + (75 - (48 - 13))?
116
What is the value of (14 - (-3 - (12 + -8 - 14))) + -11 - 0?
-4
0 + 43 - (-9 + 4 + 7 + 11)
30
What is the value of 4 - -2 - (35 + -106 + 71)?
6
Evaluate (0 + 28 - -50) + -57.
21
Calculate 16 + (-12 - -24) - (-6 - -14).
20
Calculate (-19 - (-9 + -22)) + -7 + 33.
38
Calculate (-103 + 25 - -72) + -10.
-16
Calculate 77 + 27 + -15 + -16 + 1 + -9.
65
Evaluate (-1 + 1 - 27) + -27287 + 27284.
-30
Calculate (6 - 112) + 220 - 92.
22
Calculate (-18 - (56 + 10 - 14)) + 21.
-49
What is the value of 0 + -8 + (-95 - -9) - -20?
-74
What is the value of 31 + -75 + (71 - 62)?
-35
What is the value of 0 + 7 + -1 - (-659 - -678)?
-13
Evaluate 45 + -165 + 110 + (-27 - 3).
-40
Evaluate -124 - -22 - (-44 - -54).
-112
Calculate 104 + (-74 - 31) + 13 + (1 - -3 - 2).
14
What is 38 + -95 - (96 + -107)?
-46
What is the value of -32 - 32 - (-22 + -2)?
-40
Evaluate 6 - (4 + (-10 - -13) + 0 + -7 - -3).
3
Calculate 69 + (4 + -15 - (59 - 46)).
45
What is -44 - (9 - (2 + 31))?
-20
Evaluate -6 + (-20 - (-26 + 13) - -11 - -11).
9
(22 - 25 - (17 - -1 - -1) - -10) + -33
-45
What is the value of -3 + -64 + 8 - -7 - 16 - 20?
-88
Evaluate 11 + -29 + 2 + 31.
15
Evaluate -103 + -31 + 80 - -146.
92
15 - (-137 + 41 + 91)
20
14 + -2 + -54 + 16 + -91
-117
-109 + (-24 - (18 + -16 + -9)) + 13
-113
What is 638 - 651 - ((5 - 4) + 22)?
-36
What is (-36 - -95) + -51 - (1 - (-23 + 0))?
-16
What is -53 + (143 + -161 - (-4 - -19))?
-86
What is 178 + (-72 - 56 - -61)?
111
What is the value of 19 - (8 + -1 + 29 + -16 + -9)?
8
What is the value of -1 + -47 - (4 + (6 + -30 + 7 - -14))?
-49
What is the value of (-212 + 98 - -137) + -5?
18
Evaluate 3 - (-12 - -18 - (7 + -6 + (-6 - 2))).
-10
What is the value of -11 - ((32 - -9 - -18) + -27)?
-43
What is (5 - 8) + ((1 - -82) + 10 - (64 + -70))?
96
What is the value of -1 + (5 - -2 - (8 + -9) - -24)?
31
Calculate -13 + 3 + 38 + 